00?
181
Calculate the remainder when 246523 is divided by 681.
1
Calculate the remainder when 2351 is divided by 243.
164
What is the remainder when 147839 is divided by 704?
703
What is the remainder when 28698 is divided by 844?
2
What is the remainder when 4980 is divided by 2438?
104
What is the remainder when 26648 is divided by 256?
24
What is the remainder when 8159 is divided by 740?
19
Calculate the remainder when 224180 is divided by 412.
52
Calculate the remainder when 168104 is divided by 84041.
22
What is the remainder when 26515 is divided by 239?
225
What is the remainder when 49757 is divided by 281?
20
Calculate the remainder when 14827 is divided by 502.
269
What is the remainder when 8660 is divided by 1003?
636
What is the remainder when 594546 is divided by 297252?
42
Calculate the remainder when 66627 is divided by 680.
667
What is the remainder when 27582 is divided by 49?
44
What is the remainder when 1961 is divided by 539?
344
What is the remainder when 355105 is divided by 21?
16
Calculate the remainder when 32981 is divided by 62.
59
What is the remainder when 3755 is divided by 733?
90
What is the remainder when 125902 is divided by 5474?
0
Calculate the remainder when 10734 is divided by 630.
24
What is the remainder when 311937 is divided by 226?
57
Calculate the remainder when 205 is divided by 31.
19
What is the remainder when 517 is divided by 50?
17
Calculate the remainder when 641459 is divided by 60.
59
Calculate the remainder when 9395 is divided by 261.
260
What is the remainder when 55643 is divided by 25?
18
What is the remainder when 227403 is divided by 6?
3
What is the remainder when 1771311 is divided by 91?
87
Calculate the remainder when 3061469 is divided by 18.
11
Calculate the remainder when 4884 is divided by 340.
124
Calculate the remainder when 7424 is divided by 2310.
494
What is the remainder when 4915 is divided by 46?
39
Calculate the remainder when 25485 is divided by 12735.
15
Calculate the remainder when 421912 is divided by 19177.
18
What is the remainder when 14788 is divided by 145?
143
What is the remainder when 61176 is divided by 20388?
12
Calculate the remainder when 28375 is divided by 28348.
27
What is the remainder when 135553 is divided by 3227?
19
Calculate the remainder when 16571 is divided by 5522.
5
What is the remainder when 40609 is divided by 144?
1
Calculate the remainder when 701 is divided by 413.
288
Calculate the remainder when 488250 is divided by 97641.
45
Calculate the remainder when 1410 is divided by 533.
344
What is the remainder when 6374 is divided by 206?
194
Calculate the remainder when 173627 is divided by 97.
94
What is the remainder when 5503 is divided by 5407?
96
Calculate the remainder when 3741 is divided by 81.
15
What is the remainder when 11264 is divided by 387?
41
What is the remainder when 26322 is divided by 26?
10
Calculate the remainder when 2397 is divided by 399.
3
What is the remainder when 97819 is divided by 19560?
19
What is the remainder when 3396540 is divided by 1168?
1164
Calculate the remainder when 7436 is divided by 60.
56
What is the remainder when 67641 is divided by 189?
168
What is the remainder when 8807 is divided by 1588?
867
Calculate the remainder when 2630 is divided by 28.
26
What is the remainder when 6106 is divided by 277?
12
Calculate the remainder when 203735 is divided by 6.
5
Calculate the remainder when 800 is divided by 199.
4
Calculate the remainder when 3695955 is divided by 418.
417
Calculate the remainder when 132139 is divided by 362.
9
Calculate the remainder when 37453 is divided by 6201.
247
Calculate the remainder when 96964 is divided by 2484.
88
What is the remainder when 245387 is divided by 53?
50
What is the remainder when 917 is divided by 804?
113
Calculate the remainder when 1648358 is divided by 203.
201
What is the remainder when 10409 is divided by 45?
14
What is the remainder when 801 is divided by 386?
29
What is the remainder when 8850 is divided by 4411?
28
Calculate the remainder when 47802 is divided by 996.
990
What is the remainder when 14456472 is divided by 825?
822
Calculate the remainder when 120481 is divided by 8032.
1
What is the remainder when 10155 is divided by 274?
17
Calculate the remainder when 21312 is divided by 388.
360
What is the remainder when 62010 is divided by 61993?
17
What is the remainder when 64261 is divided by 58?
55
Calculate the remainder when 231156 is divided by 33022.
2
What is the remainder when 51081 is divided by 82?
77
Calculate the remainder when 1221 is divided by 906.
315
Calculate the remainder when 13040 is divided by 681.
101
Calculate the remainder when 2649 is divided by 788.
285
Calculate the remainder when 263761 is divided by 100.
61
Calculate the remainder when 4252 is divided by 115.
112
Calculate the remainder when 129021 is divided by 87.
0
What is the remainder when 11308 is divided by 2708?
476
Calculate the remainder when 175560 is divided by 419.
418
What is the remainder when 1949 is divided by 384?
29
Calculate the remainder when 18301 is divided by 226.
221
What is the remainder when 52236 is divided by 129?
120
Calculate the remainder when 77756 is divided by 8639.
5
Calculate the remainder when 10783 is divided by 2691.
19
What is the remainder when 9205 is divided by 2299?
9
What is the remainder when 30658 is divided by 13?
4
Calculate the remainder when 3426 is divided by 58.
4
What is the remainder when 32302 is divided by 78?
10
Calculate the remainder when 29893 is divided by 3692.
357
Calculate the remainder when 6283 is divided by 369.
10
What is the remainder when 48418 is divided by 48410?
8
Calculate the remainder when 187552 is divided by 91.
1
Calculate the remainder when 3850 is divided by 1919.
12
Calculate the remainder when 1097578 is divided by 20.
18
What is the remainder when 101048 is divided by 36?
32
Calculate the remainder when 2061 is divided by 24.
21
Calculate the remainder when 369429 is divided by 8.
5
What is the remainder when 1846 is divided by 146?
94
What is the remainder when 32101 is divided by 87?
85
Calculate the remainder when 60145 is divided by 3034.
2499
Calculate the remainder when 3463 is divided by 106.
71
What is the remainder when 1237 is divided by 53?
18
Calculate the remainder when 7966726 is divided by 1386.
1384
What is the remainder when 3089 is divided by 266?
163
What is the remainder when 1350 is divided by 247?
115
Calculate the remainder when 1500 is divided by 33.
15
Calculate the remainder when 242165 is divided by 121078.
9
What is the remainder when 103846 is divided by 31?
27
What is the remainder when 36694 is divided by 43?
15
What is the remainder when 1796 is divided by 108?
68
What is the remainder when 75335 is divided by 793?
0
What is the remainder when 443 is divided by 96?
59
What is the remainder when 84526 is divided by 14085?
16
Calculate the remainder when 95256 is divided by 19049.
11
Calculate the remainder when 11416 is divided by 175.
41
Calculate the remainder when 92919 is divided by 128.
119
What is the remainder when 584198 is divided by 231?
230
What is the remainder when 269293 is divided by 39?
37
What is the remainder when 52818 is divided by 7?
3
What is the remainder when 35731 is divided by 365?
326
Calculate the remainder when 5904 is divided by 2943.
18
What is the remainder when 2027 is divided by 26?
25
Calculate the remainder when 1074 is divided by 182.
164
Calculate the remainder when 8413 is divided by 4142.
129
Calculate the remainder when 7847 is divided by 2503.
338
What is the remainder when 25053 is divided by 96?
93
What is the remainder when 12311 is divided by 977?
587
Calculate the remainder when 34981 is divided by 34973.
8
What is the remainder when 435 is divided by 279?
156
What is the remainder when 1524 is divided by 273?
159
Calculate the remainder when 5623 is divided by 125.
123
What is the remainder when 1384 is divided by 965?
419
Calculate the remainder when 41659 is divided by 16.
11
Calculate the remainder when 34725 is divided by 11571.
12
Calculate the remainder when 8151 is divided by 11.
0
Calculate the remainder when 4572 is divided by 2207.
158
Calculate the remainder when 10849 is di